 = 2*i + 275. Calculate the highest common factor of p and 9.
9
Let a(w) = 2*w**2 + 9*w + 6. Let i be a(-6). Suppose 0*h - r = 4*h - i, -5*h - 2*r = -27. Calculate the highest common divisor of h and 35.
7
Let d(p) = 5*p + 197. Let v be d(-34). Calculate the highest common factor of 6 and v.
3
Let u(h) be the second derivative of h**4/12 - 5*h**3/2 + 7*h**2 + 4*h. Let v be u(15). Calculate the greatest common factor of v and 2.
2
Let h = 264 - 248. What is the greatest common factor of 368 and h?
16
Let q = 9 - 7. Let w be (-2)/(-4) + (-7)/(-2). Suppose -w*c + q*c = -16. What is the highest common divisor of 88 and c?
8
Suppose 5*p + 3*b - 46 = 24, -5*b = 3*p - 58. Let s = 47 - p. What is the greatest common divisor of s and 27?
9
Let m be 5/((-15)/(-2)) + 10/3. Suppose 5*h = -m*h + 9. What is the highest common divisor of 5 and h?
1
Suppose q - 11 = -2*c + 6, 4*q - 50 = -5*c. Suppose -t - 4 + c = 0. Suppose t*l - 3 - 23 = 0. Calculate the greatest common divisor of 13 and l.
13
Let j be 4/(24/(-378))*-3. Calculate the greatest common divisor of j and 35.
7
Let r = -6 - -7. Suppose 3*d - 33 = 24. Calculate the highest common factor of r and d.
1
Let h be (3/2)/(18/24). Suppose 0 = 4*o - 2*a - 185 - 9, 4*a - 102 = -h*o. Let q be ((-24)/(-14))/(7/o). Calculate the highest common factor of 4 and q.
4
Let z(b) = -67*b - 43. Let o be z(-2). What is the highest common divisor of 182 and o?
91
Let f be (-1)/((-262)/52 + (-110)/(-22)). Calculate the greatest common factor of f and 104.
26
Let f(s) = 4*s**2 + 11*s - 16. Let c be f(-9). Calculate the greatest common divisor of c and 11.
11
Let s = 250 + -60. Suppose 11*j - 708 + 598 = 0. Calculate the greatest common divisor of j and s.
10
Suppose 3*g = -3*p + 3, -42 = 3*p + 5*g - 45. Calculate the highest common divisor of 11 and p.
1
Let r be (-2)/7 - 5/7. Let i = -464 - -442. Let h be i/(-1)*(r - -2). What is the highest common divisor of 33 and h?
11
Let u(o) = 9*o**2 - 2*o - 3. Let k be u(3). Let h = -470 - -479. Calculate the highest common factor of h and k.
9
Let z(j) = -j + 6. Suppose 0 = -0*f + 4*f. Let c be z(f). Let m(v) = -3*v + 24. Let i be m(-14). What is the greatest common factor of i and c?
6
Let n(c) = -4*c**3 + c - 8. Let v(a) = -3*a**3 - a**2 + a - 8. Let f(i) = 4*n(i) - 5*v(i). Let j be f(4). Calculate the highest common factor of j and 60.
20
Let y = -52 + 66. Let u be (-3 - -2)/(1 + 0). Let a be (-43 - u)*(-4)/6. Calculate the highest common divisor of a and y.
14
Let g be (45/(-6))/((-2)/52). What is the greatest common divisor of 30 and g?
15
Let d(n) = 11*n + 1. Let x be d(1). Suppose 0 = -2*q + w + 5, 3*q + 2*w = -w + x. Suppose q*k - 15 - 9 = 0. Calculate the greatest common divisor of k and 40.
8
Let f(n) = -n**2 - 3*n + 4. Let h be f(-3). Let l = 12 + -3. Let k = -7 + l. What is the greatest common factor of h and k?
2
Let w be ((-3)/9)/(2/(-96)). Calculate the greatest common factor of 48 and w.
16
Let c be -16 + 14 + (11 - 1/1). Let s be c/16 - 14/(-4). Let u be (-388)/(-14) - (-6)/21. What is the greatest common factor of u and s?
4
Let o(u) = -49. Let q(t) = t**2 + 1. Let p(i) = -o(i) + q(i). Let m be p(0). What is the highest common divisor of m and 75?
25
Suppose b - 141 = 3*n, 4*n - 2 = 3*n. Let m = b - 139. Calculate the greatest common factor of 16 and m.
8
Let i(h) = 6*h - 119. Let w be i(21). What is the greatest common factor of w and 19?
1
Suppose -5477 = -3*w - 2*z + 4*z, -5*z + 25 = 0. Calculate the highest common factor of 59 and w.
59
Let b(s) = 151 - 4*s**3 + 3*s**2 - 147 + 3*s**3. Let n be b(3). Suppose 0 = -w + n*y - y + 11, 4*w + 5*y = 78. What is the highest common divisor of w and 51?
17
Suppose -69 = -3*v - z + 50, z + 1 = 0. Calculate the greatest common factor of v and 360.
40
Suppose -d + 5*m = -0*d + 3, 0 = 5*d + 2*m - 12. Let r be (5 - (d + 2))*5. Calculate the highest common divisor of r and 5.
5
Let x be 28/35*1530/36. Let i = 3 - 1. Suppose 0 = -i*l - a + 609, 5*l = l + a + 1227. What is the highest common divisor of l and x?
34
Suppose -5*j = -44 + 19. Let l be (-6)/(-15) - 147/j. Let z = 31 + l. What is the highest common divisor of z and 10?
2
Suppose -31*y + 14*y = -33*y + 256. Let l be (-4)/18 - (-338)/(-18). Let q = l - -43. What is the greatest common factor of y and q?
8
Let k be 33 + -2 + (-1)/(-1). Let d be (-4 + 1)*k/12. Let n be (-7)/(28/d) + 28. Calculate the greatest common factor of 12 and n.
6
Suppose p + p = -12. Let v(s) = -s**2 - 9*s - 9. Let h be v(p). Suppose 2*k = 4*j - 328, 330 = 4*j - 6*k + 3*k. What is the greatest common factor of j and h?
9
Let x(n) = n**3 + 10*n**2 - 24*n + 4. Let g be x(-12). Let q be (-2)/g - -1 - 41/(-2). What is the greatest common divisor of 231 and q?
21
Let o(w) = 4*w**2 - 4*w + 5. Let k be o(2). Let v(z) = 2*z**2 - z - 10. Let f be v(k). What is the highest common divisor of f and 35?
35
Let i be 184/10 - (-18)/30. Let v(b) = b**3 - 13*b**2 + 31*b - 4. Let m be v(11). Calculate the highest common divisor of i and m.
19
Let k(i) = -i**3 + 8*i**2 - 5*i - 9. Let h be k(7). Suppose h*v - 6 = 2*v, -5*x = -2*v - 106. What is the greatest common factor of x and 198?
22
Let k = 67 + -72. Let s(p) = -5*p - 16. Let c be s(k). What is the greatest common factor of c and 99?
9
Let s = 372 - 274. Calculate the greatest common divisor of 42 and s.
14
Let u = -4 - -9. Suppose -3*h + 2 = x + 3, 0 = -u*h - 4*x + 10. Let f be 4/(-8) + (-13)/h. Calculate the highest common factor of f and 66.
6
Let a(l) = 8*l**2 + 2*l + 1. Let i be a(-1). Let u = -201 + 208. What is the greatest common divisor of u and i?
7
Let k(h) = -86*h - 62. Let d be k(-1). Calculate the greatest common factor of 2592 and d.
24
Suppose -5*q + 202 = -7*h + 9*h, 2*h - q = 190. Calculate the greatest common divisor of 60 and h.
12
Let c(i) = -i**3 - 14*i**2 - 13*i + 42. Let q be c(-13). Let z(h) = -29*h**3 - h**2 - h - 1. Let u be z(-1). What is the highest common factor of q and u?
14
Let m = 21 + -24. Let j be ((-104)/(-12))/((-2)/m). Suppose -2*p + 3*p = j. What is the highest common factor of p and 26?
13
Suppose 4*g = -12, 3*g = -2*c - 49 + 288. What is the greatest common factor of 155 and c?
31
Suppose -6*r + 68 = -2*r. Suppose 15*n = r*n - 32. Suppose -2*f - 3*f = 2*k - 248, f - 32 = 4*k. What is the highest common divisor of n and f?
16
Suppose -4*d = -12, 4*u + d = 4*d - 177. Let j be (1 - -1 - 9)*u/49. Let r be (7 - -2 - 2) + 2. Calculate the highest common factor of j and r.
3
Suppose -9*s + 15*s = 744. Suppose 10*g - s = 246. Calculate the greatest common divisor of g and 111.
37
Suppose -x = -80 - 10. Suppose 6*y = y + x. Let h be ((-36)/(-8))/(4/24). Calculate the greatest common divisor of y and h.
9
Let x(h) = 10*h**2 - 227*h + 14. Let z be x(25). What is the greatest common divisor of 76 and z?
19
Let l = -360 + 375. Calculate the highest common divisor of l and 60.
15
Suppose -a - 36 = 2*o, 0 = 5*o + 3*a + 16 + 72. Let r = o + 32. What is the highest common divisor of 6 and r?
6
Let k(q) = 2*q**2 - 14*q - 74. Let p be k(28). Calculate the greatest common factor of p and 38.
38
Let o be 15/((-42)/49 - (4 + -5)). Calculate the highest common factor of o and 273.
21
Suppose -628 = -2*i + 4*o, 5*i = 2*o + 1226 + 368. Calculate the greatest common divisor of 10 and i.
10
Let t be (0 - (-2 - -3)) + -37. Let g = t - -53. Let l be 3/9*22*g. What is the highest common factor of l and 10?
10
Suppose 46*p - 6 = 868. What is the highest common factor of p and 551?
19
Let h = -211 + 230. What is the highest common divisor of 1159 and h?
19
Let s = -116 - -145. Calculate the highest common divisor of 29 and s.
29
Suppose 0 = -2*w - 2*n + 26, -4*w = -9*w - n + 85. Let a(c) = 8*c - 2. Let g be a(3). Suppose q = g + 23. Calculate the highest common divisor of w and q.
9
Let y be (1 - 7)/(0 - 1). Let i(m) = -2*m**2 + 75*m + 42. Let q be i(38). Let f be (y/q)/(10/300). What is the highest common factor of 18 and f?
9
Suppose -3*v + 36 = 2*j, -5*v + v + 68 = 4*j. Let q be j/6 + 6/4. What is the greatest common factor of q and 16?
4
Suppose -i - 130 = -d, i - 666 = -5*d - 2*i. Calculate the highest common divisor of d and 33.
33
Let j(m) = -m**2 - 10*m + 3. Let a(h) = -h - 5. Let o be a(-10). Let f = -1 - o. Let z be j(f). What is the h